late the remainder when 474367 is divided by 158072.
151
What is the remainder when 280471 is divided by 3337?
163
Calculate the remainder when 212028 is divided by 211926.
102
Calculate the remainder when 6583056 is divided by 5204.
5200
What is the remainder when 3749856 is divided by 14?
12
What is the remainder when 82005 is divided by 112?
21
Calculate the remainder when 6073302 is divided by 133.
123
What is the remainder when 9139325 is divided by 1305616?
13
What is the remainder when 2119434 is divided by 222?
0
What is the remainder when 116090 is divided by 2470?
0
Calculate the remainder when 127853228 is divided by 21.
20
What is the remainder when 4397010 is divided by 9105?
8400
Calculate the remainder when 270685 is divided by 1010.
5
What is the remainder when 302602 is divided by 4379?
451
What is the remainder when 821676 is divided by 1391?
986
Calculate the remainder when 1192440 is divided by 2469.
2382
Calculate the remainder when 409288604 is divided by 15.
14
Calculate the remainder when 1246992 is divided by 239.
129
Calculate the remainder when 15585293 is divided by 3117057.
8
What is the remainder when 768601 is divided by 384091?
419
What is the remainder when 11399890 is divided by 169?
164
What is the remainder when 23273 is divided by 2132?
1953
What is the remainder when 2325014 is divided by 232501?
4
What is the remainder when 26655534 is divided by 195?
9
What is the remainder when 84087858 is divided by 137?
135
Calculate the remainder when 13869142 is divided by 306.
304
Calculate the remainder when 133020 is divided by 7388.
36
Calculate the remainder when 47499892 is divided by 65972.
52
What is the remainder when 121571 is divided by 63?
44
Calculate the remainder when 11006816 is divided by 1870.
1866
Calculate the remainder when 23408706 is divided by 271.
268
What is the remainder when 16617 is divided by 1291?
1125
What is the remainder when 1849611 is divided by 369918?
21
What is the remainder when 74014 is divided by 36963?
88
What is the remainder when 34712206 is divided by 9?
7
What is the remainder when 4187095 is divided by 12174?
11413
What is the remainder when 105475 is divided by 37?
25
Calculate the remainder when 61069 is divided by 489.
433
Calculate the remainder when 86337326 is divided by 111403.
1
Calculate the remainder when 73620 is divided by 53.
3
What is the remainder when 30119 is divided by 1451?
1099
What is the remainder when 2064344 is divided by 14043?
23
What is the remainder when 43265807 is divided by 116?
11
Calculate the remainder when 6524561 is divided by 4040.
4001
Calculate the remainder when 1138289 is divided by 77.
75
What is the remainder when 94504 is divided by 3534?
2620
What is the remainder when 2740262 is divided by 23420?
122
What is the remainder when 8913699 is divided by 60227?
103
What is the remainder when 33147 is divided by 11009?
120
What is the remainder when 559336 is divided by 186387?
175
What is the remainder when 2790346 is divided by 279026?
86
Calculate the remainder when 6413393 is divided by 43.
29
Calculate the remainder when 943698 is divided by 943651.
47
Calculate the remainder when 7560589 is divided by 25.
14
Calculate the remainder when 227968 is divided by 16.
0
Calculate the remainder when 4061224 is divided by 70020.
64
Calculate the remainder when 491518 is divided by 69787.
3009
What is the remainder when 382107 is divided by 54293?
2056
What is the remainder when 17596 is divided by 2918?
88
What is the remainder when 32309225 is divided by 36?
17
Calculate the remainder when 2378532 is divided by 1754.
108
Calculate the remainder when 13215597 is divided by 148.
85
What is the remainder when 7360003 is divided by 123?
52
Calculate the remainder when 5957 is divided by 959.
203
What is the remainder when 68617 is divided by 1681?
1377
Calculate the remainder when 1800093 is divided by 55.
53
What is the remainder when 496760 is divided by 324?
68
What is the remainder when 1886210 is divided by 5969?
6
What is the remainder when 6499579 is divided by 26?
21
What is the remainder when 52919033 is divided by 1824794?
7
Calculate the remainder when 28315 is divided by 8786.
1957
What is the remainder when 5649631 is divided by 56?
15
Calculate the remainder when 2221362 is divided by 350.
262
Calculate the remainder when 648654 is divided by 20270.
14
What is the remainder when 31477652 is divided by 1378?
1376
Calculate the remainder when 163624 is divided by 341.
285
Calculate the remainder when 124333 is divided by 552.
133
What is the remainder when 108957 is divided by 546?
303
What is the remainder when 38972955 is divided by 82?
77
What is the remainder when 90561816 is divided by 1356?
0
What is the remainder when 214339 is divided by 2647?
2579
What is the remainder when 1317710 is divided by 11788?
9242
What is the remainder when 53950 is divided by 4102?
624
Calculate the remainder when 586395 is divided by 114290.
14945
What is the remainder when 217836 is divided by 6797?
332
What is the remainder when 52227 is divided by 1?
0
Calculate the remainder when 3474423 is divided by 2708.
59
Calculate the remainder when 12326045 is divided by 513585.
5
Calculate the remainder when 213555 is divided by 534.
489
Calculate the remainder when 192007 is divided by 546.
361
Calculate the remainder when 9238898 is divided by 185.
183
What is the remainder when 27485 is divided by 493?
370
What is the remainder when 8696 is divided by 270?
56
What is the remainder when 130304 is divided by 1065?
374
What is the remainder when 448466576 is divided by 878?
858
Calculate the remainder when 49112395 is divided by 171.
169
Calculate the remainder when 258857 is divided by 305.
217
What is the remainder when 39859089 is divided by 1449?
1446
What is the remainder when 406812 is divided by 80?
12
What is the remainder when 17553728 is divided by 363?
137
What is the remainder when 296366 is divided by 21168?
14
What is the remainder when 91023 is divided by 10083?
276
What is the remainder when 871295 is divided by 703?
278
Calculate the remainder when 239928624 is divided by 135.
9
What is the remainder when 5202611 is divided by 327?
41
Calculate the remainder when 28511 is divided by 6940.
751
Calculate the remainder when 616071 is divided by 1525.
1496
What is the remainder when 3158360 is divided by 315713?
1230
What is the remainder when 151909 is divided by 1191?
652
Calculate the remainder when 44964 is divided by 3716.
372
Calculate the remainder when 17665976 is divided by 197.
1
Calculate the remainder when 3955867 is divided by 158.
21
What is the remainder when 33729450 is divided by 11243148?
6
What is the remainder when 13060329 is divided by 530?
69
What is the remainder when 11835153 is divided by 348092?
25
What is the remainder when 3275626 is divided by 1624?
18
Calculate the remainder when 3925404 is divided by 15577.
0
What is the remainder when 8586905 is divided by 159?
110
Calculate the remainder when 30557889 is divided by 1797514.
151
Calculate the remainder when 72785 is divided by 317.
192
What is the remainder when 3859609 is divided by 1818?
1813
What is the remainder when 1342896 is divided by 491?
11
Calculate the remainder when 24453 is divided by 8147.
12
What is the remainder when 593398 is divided by 257?
242
What is the remainder when 110819 is divided by 26097?
6431
What is the remainder when 774937 is divided by 77488?
57
Calculate the remainder when 122137 is divided by 244.
137
What is the remainder when 320112 is divided by 79961?
268
Calculate the remainder when 43106 is divided by 21371.
364
What is the remainder when 95559 is divided by 47717?
125
Calculate the remainder when 22030017 is divided by 275375.
17
What is the remainder when 1628174 is divided by 5795?
5574
Calculate the remainder when 63590435 is divided by 252.
251
Calculate the remainder when 86443 is divided by 19.
12
Calculate the remainder when 12646131 is divided by 152363.
2
What is the remainder when 801104 is divided by 461?
347
What is the remainder when 12746532 is divided by 1062204?
84
What is the remainder when 306572 is divided by 51079?
98
Calculate the remainder when 16971 is divided by 16876.
95
Calc